39.
25
Calculate the remainder when 538423549 is divided by 158.
155
Calculate the remainder when 2546488 is divided by 195.
178
Calculate the remainder when 1156266 is divided by 1449.
1413
What is the remainder when 10289268 is divided by 889?
871
Calculate the remainder when 10952476 is divided by 2540.
2536
What is the remainder when 89062460 is divided by 12861?
35
Calculate the remainder when 150319259 is divided by 1932.
1931
What is the remainder when 1011985 is divided by 905?
195
What is the remainder when 92987 is divided by 6613?
405
Calculate the remainder when 709697 is divided by 163.
158
Calculate the remainder when 47277875 is divided by 83.
79
What is the remainder when 4474557 is divided by 2237276?
5
Calculate the remainder when 10662193 is divided by 10662180.
13
What is the remainder when 27792943 is divided by 1154?
7
Calculate the remainder when 809343 is divided by 10787.
318
What is the remainder when 30958 is divided by 2964?
1318
What is the remainder when 181494844 is divided by 338?
336
Calculate the remainder when 9886535 is divided by 114.
113
What is the remainder when 35061112 is divided by 29?
25
Calculate the remainder when 63180 is divided by 1715.
1440
Calculate the remainder when 1453846 is divided by 345.
16
Calculate the remainder when 2733879 is divided by 273335.
529
What is the remainder when 431375289 is divided by 4379?
4378
Calculate the remainder when 12031702 is divided by 2464.
2454
What is the remainder when 1446641 is divided by 7864?
7529
What is the remainder when 486746 is divided by 528?
458
Calculate the remainder when 90659 is divided by 10065.
74
What is the remainder when 323432 is divided by 132?
32
Calculate the remainder when 14442582 is divided by 1203534.
174
Calculate the remainder when 280141 is divided by 5587.
791
What is the remainder when 60123 is divided by 15030?
3
Calculate the remainder when 149554 is divided by 149528.
26
Calculate the remainder when 681559 is divided by 130.
99
Calculate the remainder when 47671674 is divided by 5803.
29
What is the remainder when 40729981 is divided by 205?
171
What is the remainder when 2156038 is divided by 64?
6
What is the remainder when 28210871 is divided by 1472?
1463
Calculate the remainder when 5604037 is divided by 877.
7
Calculate the remainder when 1378514 is divided by 8780.
54
What is the remainder when 538780 is divided by 1387?
624
What is the remainder when 384761 is divided by 38469?
71
Calculate the remainder when 4562862 is divided by 2286.
6
What is the remainder when 1763876 is divided by 440962?
28
What is the remainder when 2116470 is divided by 192405?
15
What is the remainder when 7983343 is divided by 305?
273
Calculate the remainder when 18810 is divided by 2873.
1572
Calculate the remainder when 875234 is divided by 53.
45
Calculate the remainder when 10804684 is divided by 53.
51
What is the remainder when 136572431 is divided by 5442?
5441
What is the remainder when 7501489 is divided by 37?
35
Calculate the remainder when 5328697 is divided by 190305.
157
What is the remainder when 260122 is divided by 26?
18
What is the remainder when 870664 is divided by 34826?
14
What is the remainder when 160902 is divided by 16089?
12
Calculate the remainder when 1638890 is divided by 21564.
26
What is the remainder when 4946282 is divided by 2456?
2354
Calculate the remainder when 31502 is divided by 15649.
204
Calculate the remainder when 2365550639 is divided by 5820.
5819
Calculate the remainder when 1163718 is divided by 36.
18
What is the remainder when 118221 is divided by 13981?
6373
Calculate the remainder when 134328378 is divided by 6464.
6458
Calculate the remainder when 37540948 is divided by 4323.
16
Calculate the remainder when 747541254 is divided by 53.
51
What is the remainder when 1168266 is divided by 854?
848
Calculate the remainder when 26783 is divided by 2149.
995
Calculate the remainder when 607141 is divided by 1045.
1041
What is the remainder when 435741 is divided by 435482?
259
Calculate the remainder when 6937 is divided by 6632.
305
What is the remainder when 144913 is divided by 4140?
13
What is the remainder when 10846 is divided by 138?
82
What is the remainder when 168481321 is divided by 927?
925
Calculate the remainder when 2786718 is divided by 3093.
3018
Calculate the remainder when 359182753 is divided by 1115.
1113
What is the remainder when 90296 is divided by 836?
8
Calculate the remainder when 399177358 is divided by 72.
70
What is the remainder when 27125195 is divided by 1604?
1555
What is the remainder when 441377 is divided by 33887?
846
What is the remainder when 10786 is divided by 5305?
176
Calculate the remainder when 44923139 is divided by 3105.
3104
What is the remainder when 224992 is divided by 145?
97
What is the remainder when 5122519 is divided by 4098?
19
What is the remainder when 1143722906 is divided by 161?
158
Calculate the remainder when 903886 is divided by 495.
16
What is the remainder when 6350224 is divided by 2532?
2500
What is the remainder when 61744 is divided by 3857?
32
What is the remainder when 183337592 is divided by 6016?
6008
Calculate the remainder when 6299691 is divided by 61162.
5
Calculate the remainder when 1627643 is divided by 107.
66
Calculate the remainder when 883633 is divided by 58.
3
What is the remainder when 80091 is divided by 401?
292
What is the remainder when 4518236 is divided by 1365?
86
What is the remainder when 33629 is divided by 1513?
343
Calculate the remainder when 2209018 is divided by 3307.
3249
What is the remainder when 5386428 is divided by 921?
420
What is the remainder when 4622847 is divided by 200993?
8
What is the remainder when 2499850 is divided by 36762?
34
Calculate the remainder when 6268453 is divided by 4052.
9
Calculate the remainder when 722208 is divided by 24042.
948
Calculate the remainder when 116652 is divided by 5828.
92
Calculate the remainder when 4590141 is divided by 417269.
182
Calculate the remainder when 11807278 is divided by 186.
184
Calculate the remainder when 4251159 is divided by 154.
143
Calculate the remainder when 380832 is divided by 2480.
1392
What is the remainder when 717692 is divided by 2131?
1676
What is the remainder when 395562 is divided by 400?
362
Calculate the remainder when 2828140 is divided by 942694.
58
What is the remainder when 4509679 is divided by 35?
34
What is the remainder when 108585687 is divided by 23?
19
Calculate the remainder when 7384861 is divided by 4.
1
Calculate the remainder when 171829725 is divided by 54.
51
What is the remainder when 140224862 is divided by 32?
30
What is the remainder when 890995 is divided by 36?
31
What is the remainder when 1678953 is divided by 79950?
3
What is the remainder when 495469 is divided by 243?
235
Calculate the remainder when 81916148 is divided by 1850.
1848
Calculate the remainder when 123124792 is divided by 70.
42
Calculate the remainder when 14283965 is divided by 1102.
943
Calculate the remainder when 873544 is divided by 218386.
0
What is the remainder when 1774596 is divided by 29575?
96
What is the remainder when 91352 is divided by 276?
272
Calculate the remainder when 1215101 is divided by 4176.
4061
What is the remainder when 173943 is divided by 84261?
5421
Calculate the remainder when 4664424 is divided by 233221.
4
Calculate the remainder when 2480354 is divided by 620070.
74
Calculate the remainder when 215116 is divided by 1935.
331
Calculate the remainder when 7804 is divided by 7476.
328
What is the remainder when 788429 is divided by 1499?
1454
Calculate the remainder when 820465 is divided by 22.
19
Calculate the remainder when 1587404 is divided by 42902.
30
What is the remainder when 152240 is divided by 15206?
180
What is the remainder when 641015 is divided by 128188?
75
What is the remainder when 12137621 is divided by 25?
21
What is the remainder when 23561271 is divided by 233?
78
Calculate the remainder when 23947872 is divided by 430.
312
What is the remainder when 75058941 is divided by 7?
6
What is the remainder when 3686705 is divided by 409628?
53
Calculate the remainder when 6991 is divided by 4289.
2702
Calculate the remainder when 454821 is divided by 5